3 - 2 + 2*r + 3*r**3 + 1. Determine i(h).
2
Suppose -3*b = 2*b. Let q(w) be the second derivative of -w**3/6 - w**2/2 - 2*w. Calculate q(b).
-1
Let m(t) = 2*t**3 - 1 + 0*t**2 - 4*t**3 + t**2 + 3*t. Suppose -v + 3 = -0. Let q = -1 + v. Give m(q).
-7
Let r(g) = g + 1. Let a be 4 + (2/2)/1. Let l(y) = a + 0*y + 3*y - 2*y. Let k be l(0). Give r(k).
6
Let t(f) = 6*f**2 + 5*f + 1. Let m(a) = 17*a**2 + 14*a + 3. Let h(k) = 3*m(k) - 8*t(k). Let v be 1 + (1 - (1 - 1)). Suppose 4*p + v = -2. Determine h(p).
2
Let p(z) = -2 + 7*z**2 - 20*z**2 + 11*z**2 + 3*z. Determine p(3).
-11
Let r(g) = 2*g + g**3 - 2*g - 2*g**2 + 2*g - 3*g. What is r(3)?
6
Let r(x) = -2*x + 5. Let c be r(6). Let a = -3 + c. Let q = 5 + a. Let s(y) = y + 4. What is s(q)?
-1
Suppose 0 = -3*d + 2*d + 2. Let w(k) = k**3 - 4*k**2 + 4*k - 3. What is w(d)?
-3
Suppose i - 17 + 20 = 0. Let v(q) = q - 1. Determine v(i).
-4
Let s(j) = 3*j + j**2 - 2 + 6 + 7*j. Calculate s(-9).
-5
Suppose 0*x - 5 = -5*x. Let f be (x - (-3)/(-3))*-1. Let u(w) = 6 + f*w + 2*w - 3. Determine u(-4).
-5
Let x(s) = s - 8. Suppose 18 + 2 = 5*l. Let z be x(l). Let b(v) = -v**3 - 3*v**2 + 3*v + 4. What is b(z)?
8
Let l(n) = n**2 - 8*n + 7. Let t(h) = -h + 1. Let v be (4/3)/((-4)/(-18)). Let q(a) = v*t(a) - l(a). Calculate q(3).
-4
Let j(d) be the second derivative of 7*d**4/12 + d**3/6 - 50*d. Let x be 2 + (2 - 5) + 2. What is j(x)?
8
Let i(c) = c - 4. Let n be (-80)/15 - (-1)/3. Let p(u) = -u**2 - 7*u - 5. Let h be p(n). What is i(h)?
1
Let j(f) = -f**3 - 4*f**2 + 8*f. Let c(p) = -4*p**3 - 11*p**2 + 25*p - 1. Let n(d) = -2*c(d) + 7*j(d). Give n(5).
7
Let i(w) = -5*w - 4*w**3 - 3*w**2 + 6 + 3*w**3 + 0*w**2 + 10*w**2. Calculate i(6).
12
Let g = 14 - 9. Let b(x) be the third derivative of x**6/120 - x**5/12 + x**4/24 + x**3/2 + 2*x**2. Determine b(g).
8
Let k = -47 - -53. Let d(w) = w**2 - 6*w - 8. Give d(k).
-8
Let q(u) = -u + 4. Let t = 9 + -5. Suppose -4*h + 3*c = 2*c + 28, 0 = c - t. Let a(s) = -s - 6. Let w be a(h). Calculate q(w).
4
Let b(t) = t**3 + 9*t**2 + 9*t + 12. Let d be b(-8). Let a be (8 - d)/(4/2). Suppose a*w = -0*w - 6. Let y(q) = q**3 + 3*q**2 - q - 4. Give y(w).
-1
Suppose -5*v + 3 = -12. Suppose -2*a - 2 = -v*a. Let f(r) = 0*r**2 + 2*r**a - 2 - 3 + r**3 - 2*r - 5*r**2. Determine f(4).
3
Let f(p) = p - 3. Let b(d) = -d**2 - 1. Let s = 3 + -4. Let z(u) = 7*u**2 - 6*u + 6. Let x(m) = s*z(m) - 6*b(m). Let l be x(5). What is f(l)?
2
Let f be 6 + 1 + -1 - 3. Let x(w) = -w**2 + 0 + 3*w**2 + 2 - 1 - w**f + w. Let t = -1 + 4. What is x(t)?
-5
Suppose -6 - 48 = 3*d. Let p = d + 16. Let w(u) be the first derivative of -u**3/3 - u**2 - 1. Determine w(p).
0
Suppose 0 = 3*o - 3 - 9. Suppose -n = -o*n. Let r be (1 - n)/(1/3). Let z(f) = -f**3 + 4*f**2 - 2*f. Determine z(r).
3
Let w be -1 + -2 - (-1 - (-4 - 0)). Let o(j) = j + 6. Calculate o(w).
0
Let v(r) be the second derivative of r**3/2 + r**2/2 - 4*r. Calculate v(-3).
-8
Suppose 7*c + 4*r = 2*c + 38, 3*c - 20 = -r. Let j(n) = 2*n**2 - 25*n + 11. Let b(w) = -w**2 + 12*w - 5. Let o(a) = 13*b(a) + 6*j(a). Calculate o(c).
1
Let i(m) be the first derivative of m**2 + m - 1. Suppose 0*o + 20 = -4*o. Let b = o - -4. Calculate i(b).
-1
Let x(j) = 2*j**3 + j**2 + 3*j + 5. Let y(b) = 5*b**3 + 2*b**2 + 10*b + 15. Let c(q) = 8*x(q) - 3*y(q). Determine c(-4).
-13
Let u(m) be the first derivative of 5*m**2/2 + m + 15. Give u(-6).
-29
Let c(h) = h**3 - 7*h**2 + 8*h - 1. Let n = -7 + 10. Suppose 3*p + 5*m = 43, 0*p = -n*p - 4*m + 38. Give c(p).
11
Let x(z) be the third derivative of -z**4/24 + 4*z**3/3 - 7*z**2. Determine x(5).
3
Let a(f) = 3. Let i(v) = v - 3. Let r(o) = 4*a(o) + 3*i(o). Let z(j) = -2*j**3 + 2*j**2 + 2*j. Let s be z(2). What is r(s)?
-9
Let w(y) be the third derivative of y**4/24 - y**3/3 - y**2. Suppose -5*c + 3 + 2 = 0. Suppose -5*v = -4*v - c. Determine w(v).
-1
Let l(v) = v**2 + 12*v + 16. Let k be l(-11). Let s(w) = -3*w**2 - k + 2 + 1 - 2*w + 2*w**2. Give s(-3).
-5
Let w(y) = 3*y + 4. Let j(z) = z + 1. Let x(a) = -12*j(a) + 3*w(a). Let d(n) = -n. Let r(s) = -5*d(s) + 2*x(s). Give r(-5).
5
Let w be 1/4 + (-30)/(-8). Let z(f) = 11*f**2 + 21*f - 7. Let v(q) = -5*q**2 - 10*q + 3. Let g(r) = 13*v(r) + 6*z(r). Determine g(w).
-3
Let r(j) be the second derivative of -j**5/20 + 7*j**4/12 + 7*j**3/6 + 7*j**2/2 + 13*j. Give r(8).
-1
Let h(a) = -2*a - 7. Let n(r) be the third derivative of -r**3/6 - 6*r**2. Let l(b) = -h(b) + 4*n(b). Calculate l(-5).
-7
Suppose -3*n + p = -6*n + 8, 0 = 5*p + 5. Let m(j) = 3*j - 1. Let r be m(1). Let w(x) = 0 + x + 4*x - x**r - 1. Give w(n).
5
Suppose w = -0*w - 2*k - 6, -2*w = k. Suppose w*m + 3*m = 20. Let r(p) = -p**3 + 3*p**2 + p + 5. Calculate r(m).
-7
Let p(z) = 5 + 17*z - 66*z - z**3 + 7*z**2 + 24*z + 17*z. Calculate p(5).
15
Suppose 3*b = 8*b + 5. Let r(j) = -4*j - 1. Let h be r(b). Let l(s) = 4*s**3 + s**2 - h + 5*s + 4 - 8*s**3 - 4*s. Calculate l(-1).
5
Let h(f) = -7*f**3 - 5*f**2 + 5*f + 2. Let v(j) = -20*j**3 - 14*j**2 + 14*j + 5. Let x(q) = -17*h(q) + 6*v(q). Determine x(0).
-4
Let p(r) = 4*r**3 + 2*r**2 - 4. Let j(d) = 3*d**3 + 3*d**2 - d - 4. Suppose 0 = -4*a + 2*a + 8. Let b = 0 + a. Let k(s) = b*p(s) - 5*j(s). What is k(6)?
-2
Let d(v) = -2*v - 1. Let a(p) = p**2 + 6*p + 5. Let k be a(-6). Suppose -k*b - 8 = 2*u - 4*u, 0 = -u + 4*b + 7. Determine d(u).
1
Let m(f) = -f**3 - 4*f**2 + f + 4. Suppose 3*p = -5*d + 62, 3*d + 14 + 88 = 4*p. Let j = 9 - p. Let w be 2/(j/9 - -1). Calculate m(w).
-8
Let v(n) = n**2 + 8*n + 3. Suppose 4*s + 24 = -3*h, -2*h + 24 = -5*h - 3*s. Let i be v(h). Let j(t) = t + 1. Give j(i).
4
Let y(l) = l**2 + 2*l + l**3 - 2*l. Let a = 7 + -13. Let m be 3/(a*1)*4. Give y(m).
-4
Suppose 5*w - 15 = -2*b, -2*w - 4*b = w - 23. Let m(v) = 0*v + 3*v - 5*v - v**2 + w. What is m(1)?
-2
Let n(g) = 6 + 19*g + 21*g - 45*g. Give n(4).
-14
Suppose 2*r + 4*j + 0*j - 18 = 0, -4*r - 4*j = -28. Let s(u) = -u**3 + 6*u**2 - 6*u + 6. Determine s(r).
1
Let w(s) = -s**3 - 1. Let n(q) = -7*q**3 - 3*q**2 + 5*q. Let d(f) = n(f) - 6*w(f). Suppose 4*t = o - 4, 0*t + 18 = t - 5*o. Let z be 0/(-1) + 2*t. What is d(z)?
2
Let u(v) = 4*v**2 + 2*v - 1. Let n be u(1). Suppose -2*y + 26 = 4*z + 10, 0 = 3*z - n*y + 1. Let k(d) = 3*d - 1 + z*d - 4*d - d + 2*d**2. Determine k(2).
9
Let w(o) = o**3 + 3*o**2 + 3*o + 3. Let z(i) = i**3 + 6*i**2 + 5*i + 5. Let a(p) = -7*w(p) + 4*z(p). Let v = 6 + -4. Calculate a(v).
-15
Suppose -t + 17 = -0*t + 5*z, 5*t = 2*z + 58. Suppose h + t = -3*h. Let u(a) be the first derivative of -a**2/2 - 4*a - 1. Determine u(h).
-1
Let v(f) = -f**2 - 6*f - 4. Let k be ((-2)/(-5))/((-5)/50 + 0). Calculate v(k).
4
Let i(m) = -m**2 + 6*m + 3. Let h be i(6). Let b(j) = 5 - h - 5*j**2 + j**3 + 1 + 2*j + j. Calculate b(3).
-6
Suppose 0 = -5*l + 8 + 2. Let a(u) = 2*u**3 - u - 1 - u + 3*u**3 - 3*u**3 - l*u**2. Determine a(-1).
-3
Let f(z) be the first derivative of -z**3 - z**2 - z - 9. Give f(-1).
-2
Let y(q) be the second derivative of -q**4/12 + q**3/6 + 3*q**2 + q. Let d(l) = l**3 - 5*l**2 + 3*l + 4. Let v be d(4). What is y(v)?
6
Let i(p) = -p**2 + 5*p + 10. Let v be 5 + (-328)/64 + (-114)/(-16). Determine i(v).
-4
Let k(x) be the first derivative of -8*x**2 + x + 2. Let a(i) = i**3 + i**2 + i - 2. Let t be a(1). Calculate k(t).
-15
Let y be 5/15*-1*6. Let t(l) be the third derivative of -l**6/120 - l**5/20 + l**4/6 + l**3/2 + 2*l**2. What is t(y)?
-9
Let w(y) = 2*y**3 + 3*y + 27*y**2 - y**3 - 24*y**2. Let v be w(-2). Let z(f) = 3*f - 1. What is z(v)?
-7
Let b = 1 - 0. Let j(w) be the first derivative of 3*w - 2*w + w**2 + 3*w + b. Calculate j(-3).
-2
Let k(b) = b**3 - 6*b**2 - 6*b - 8. Let y = 77 - 70. What is k(y)?
-1
Let s = -3 + -2. Let t(u) = -16*u**2 - 19*u - 6. Let f(i) = -3*i**2 - 4*i - 1. Let v(d) = 11*f(d) - 2*t(d). Give v(s).
6
Let l(f) = 0*f**2 - 9*f**3 - 2 + 4*f**2 + 10*f**3 + 3*f. Let m = 7 - 3. Suppose 4*u = 6*d - d + 13, -m*u = -2*d + 2. Give l(u).
-2
Suppose 2 = -4*x - 2*h, 3*h - 2*h = -5. Suppose -w + 0 - 5 = -y, -4*y + 14 = x*w. Let u(n) = n**2 + 0*n**2 + 0 + 0 - 5*n - 2. Give u(y).
-6
Let g(d) = -4 + 6 + 3 + 5*d + 3. Let f(b) = b + 2. Let o(p) = 9*f(p) - 2*g(p). Let q = 1 - -4. Determine o(q).
-3
Let g(k) = k + 11. Suppose 5*z - 21 = 9. Suppose q = -x + 8, 0*q = -5*q + 25. Suppose 3*h + 3*o =